is the units digit of q?
8
Let t = 12 - 20. Let c = 51 + t. What is the tens digit of c?
4
Suppose 5*l - 782 = 3*i, -147 = -2*l + 4*i + 163. What is the units digit of l?
7
Let t be 2/4 + (-2)/4. Let m = 4 + t. What is the units digit of -6*-1*2/m?
3
Let s(t) = -t**3 - 7*t**2 - 4*t - 1. Let w(u) = u**3 + 8*u**2 + 4*u + 1. Let o(n) = 6*s(n) + 5*w(n). What is the units digit of o(-3)?
0
Let p = 9 + -6. Suppose 0 = -p*b + 5*b - 26. What is the tens digit of b?
1
Suppose r - 97 - 46 = 0. What is the tens digit of r?
4
Let k = 4 + -6. Let m = 4 - k. What is the units digit of m?
6
Let p(m) = m + 4. Let l be p(-4). Suppose l = d + 3*d - 36. What is the units digit of d?
9
Suppose g + 17 = -4*p, 4*p = 3 - 23. Let h(v) = -4 + 4*v + g - 9*v. What is the units digit of h(-3)?
4
Let a(j) = -4*j + 60. What is the units digit of a(-18)?
2
What is the units digit of (40/3)/((-3)/(-9))?
0
Let t be 1 + 4 + 0/3. Suppose -2 = -t*i + 8. What is the units digit of i?
2
Suppose -10*p + 5 = -5*p. What is the units digit of p?
1
Suppose q = 17 - 9. What is the units digit of q?
8
What is the tens digit of ((-1)/(-1) - -38) + 3?
4
Let f(t) be the second derivative of -3/2*t**2 + 4*t + 0 - 1/12*t**4 + 7/6*t**3. What is the units digit of f(4)?
9
Let k be 350/30 + (-2)/3. Suppose k*f - 6*f - 105 = 0. What is the units digit of f?
1
Let a = -84 + 143. What is the units digit of a?
9
Let r(l) = l**3 - 2*l**2 + l. Let x be r(2). Let t be ((-14)/21)/(x/(-102)). Suppose -3*f + 2 = -t. What is the units digit of f?
2
Let u be -2 - (-4 - (1 - 3)). Let w = 13 - u. What is the units digit of w?
3
Suppose n = 4*n. Suppose c - 16 = -n*c. Suppose -4*v = 2*k - 34, -k = -v + k + c. What is the tens digit of v?
1
Let n(i) = 84*i**3 + 2*i**2 - i. What is the tens digit of n(1)?
8
Let a be 61/(-5) + (-1)/(-5). Let u = a - -32. What is the units digit of u?
0
What is the tens digit of 15/9 - 1 - (-5640)/18?
1
Let n be 75/27 - (-2)/9. Suppose 6*v + 5*t = n*v + 6, v - 2 = 5*t. What is the units digit of 18/2 + (v - 3)?
8
Suppose 3*l + 106 = -44. What is the units digit of l/(-15)*9/6?
5
Suppose -9 + 3 = -3*m, -6 = -n - 3*m. Suppose -o - 2*w - 2 = 0, 2*o + 2*o + w - 27 = n. What is the units digit of o?
8
Suppose 3*u = 137 + 4. What is the tens digit of u?
4
Suppose -y + 3*y = 6. What is the units digit of y?
3
Let q(k) = k**2 + k - 4. Let w be q(-3). Suppose -5*b - w*b = -140. What is the tens digit of b?
2
Let w = -17 + 35. Let r(g) = -g - 5. Let u be r(-5). Suppose u = 2*p - 44 + w. What is the units digit of p?
3
Let u(s) = s**3 - 12*s**2 + 4*s + 12. Let d be u(12). What is the units digit of (-1)/(d/(-57) + 1)?
9
Suppose -23 = 4*u - 95. Suppose -5*t = 2*i + u, -i - 5*t - 24 = -5*i. What is the units digit of i?
1
Suppose 2*a = 2 + 4. Suppose v + a*r - 18 = 0, -3*v + 6 = r - 4*r. What is the units digit of v?
6
Let g = 14 - 43. What is the tens digit of g*(-2 + 3 - 2)?
2
Suppose n = -0*s + 3*s - 12, 4*n = 0. Suppose -8 = -s*l + 4, 4*l - 3 = 3*y. What is the units digit of y?
3
Let t = 5 - 2. Suppose 0 = -z - t + 7, 25 = 3*k - 2*z. What is the units digit of k?
1
Let t(b) = 111*b - 16. What is the tens digit of t(2)?
0
Suppose -3*y + 48 = -12. Let d = y + -42. What is the tens digit of 4*2/(-4) - d?
2
Let o(h) = -5*h**3 - h**2 - h. Let l be o(-2). Let n = -27 + l. What is the tens digit of n?
1
Suppose -2*c - c = -96. Suppose d - c = -10. What is the units digit of d?
2
Let y be (-4)/((-3)/3 + 2). Let j be 3*(8/3)/y. What is the units digit of (-1 - j)/(1/5)?
5
Let a = 3 - -13. Suppose -2*t + 6*t + a = 0. Let k = -1 - t. What is the units digit of k?
3
Let v(z) = 5*z + 5. Let q(c) = 2*c + 2. Let r(j) = 7*q(j) - 3*v(j). Let f be r(-5). Suppose 0 = -k + f. What is the units digit of k?
4
Let d(n) = 3*n - 1. What is the units digit of d(1)?
2
Let w(a) = -a**3 + 2*a**2 - a - 3. Let k(q) = -q**3 - q**2 - 1. Let r(h) = -2*k(h) + w(h). What is the units digit of r(-2)?
9
Suppose -2*q - 28 + 186 = 0. Suppose 4*u - q = 45. What is the units digit of u?
1
Let z = 7 - 5. Let c = 13 + z. Suppose 9 = 2*i - c. What is the units digit of i?
2
Suppose -39 = -7*o + 2*o - b, -5*o + 27 = -2*b. Suppose -5*t + 25 = 4*s, t = -s + o - 1. What is the units digit of ((-7)/3 - t)*-3?
0
Let g(n) = -53*n**2 + 1. Let v be g(-3). What is the units digit of v/(-77) + 4/(-22)?
6
Suppose 0 = -4*s - 5*i + 33, 3*s - i - 27 = s. Suppose 0 = -n + 2*j - 1, -j = -4*j + s. What is the units digit of n?
7
Let y(k) = k + 10. Suppose -10 = -q - u, 5*q - u - 105 + 37 = 0. What is the units digit of y(q)?
3
Suppose b + b - 108 = 0. Suppose b - 21 = 3*x. What is the tens digit of x?
1
Suppose p = -3*p + 12. What is the units digit of p*21/18*2?
7
Let l be -8*(45/(-12) + 2). Suppose 3*f = -4*o + 95, -2*o + 4*f + 6 = -l. What is the units digit of o?
0
What is the tens digit of (1 + (-6)/(-3))*4?
1
Let s = 39 - 29. What is the tens digit of s?
1
Suppose -204 = -11*b + 5*b. What is the units digit of b?
4
Let w(b) = -b**3 + b**2 + 4*b + 3. Let j be w(-2). Suppose 0 = -2*s + 19 - j. Suppose 2*k = 3*k - s. What is the units digit of k?
6
Let l(k) = -4*k + 34. Let c be l(8). Suppose 4*g - 22 + 2 = 0. Suppose -g*f + 2 = 27, -c*y + 12 = -2*f. What is the units digit of y?
1
What is the units digit of 5/15*(10 + -1)?
3
Let n(q) = q**2 - 6*q - 5. Let c be n(6). Let o = 2 - c. Let y = 10 - o. What is the units digit of y?
3
Suppose -v + 65 = -2*c - 3*c, 4*v - c - 355 = 0. Suppose 4*d - v = -22. What is the units digit of d?
7
Let i = 34 + 25. What is the units digit of i?
9
Suppose 4*w - 12 = 0, c = -c - 3*w + 69. What is the tens digit of c?
3
Let y = -12 + 18. What is the units digit of (2/y)/((-8)/(-72))?
3
Let t(b) = -b**3 + 12*b**2 + 17*b - 19. What is the units digit of t(13)?
3
Suppose 5*g + 3 = -12. Let b = g + 5. Suppose 4*m - 3*x - 7 = b*x, -14 = -3*m - 5*x. What is the units digit of m?
3
Suppose 4*v - 62 - 182 = 0. What is the units digit of v?
1
Suppose 0 = 7*d - 3*d - 80. What is the tens digit of d?
2
Let s = 289 + -62. What is the hundreds digit of s?
2
Let r(f) = -f**3 - 2*f**2 - f + 1. Let k(q) = -2*q. Let d be k(1). Let v be r(d). Suppose -i - v*g = 0, i - g - 3*g = 14. What is the units digit of i?
6
Suppose 0 = 3*b - b - 2. Let r be (b + 0)*(9 + -8). Let m = 3 - r. What is the units digit of m?
2
Suppose 22*o - 236 = 20*o. What is the tens digit of o?
1
What is the units digit of 9*(26/3 - 3)?
1
Let m be 18*2/(-6)*2. Let z(o) = 2*o + 14. Let p be z(-10). What is the units digit of (-202)/m + (-1)/p?
7
What is the tens digit of (-1742)/(-12) + 12/(-72)?
4
Suppose 0 = c - 5*c. Suppose -7*h + 3*h + 28 = c. What is the units digit of h?
7
Let k = 15 - 9. Let r be ((-22)/k)/((-3)/(-9)). Let i = 19 + r. What is the units digit of i?
8
Let k(o) = -7*o**2 + 14*o - 9. Let q(j) = -j**2 + j. Let u(n) = k(n) - 6*q(n). What is the units digit of u(6)?
3
Let u = 4 + 0. Suppose -u*h = -2*f - 9 + 57, -5*f + 110 = -5*h. Suppose f = 2*v - 4*g, 3*g = -v - 0*g + 30. What is the units digit of v?
8
Let p(m) = m**2 + m - 1. Let k = 1 + -4. Let f be p(k). Suppose 0*x - b = -x + 6, 0 = f*x + 4*b - 21. What is the units digit of x?
5
Let u(y) = 68*y + 5. What is the tens digit of u(3)?
0
Let p = 14 + -5. Let g = -3 + p. What is the units digit of g?
6
Suppose -8 = -c - 22. Let z = 23 + c. What is the units digit of z?
9
Let d(g) = -g**3 - 9*g**2 + 9*g + 8. What is the tens digit of d(-10)?
1
Let t(q) = q + 7. Let x be t(5). Suppose -z + 4*z = -x. What is the units digit of 1*z/(8/(-6))?
3
Let l = -88 + 225. What is the units digit of l?
7
Let q = -6 + 11. Suppose 0 = -2*z - t + 8, 5*z - 2*z - q*t = 25. What is the units digit of z?
5
Let h be (10/6 + -1)*3. Let u = 3 + h. What is the units digit of ((-6)/(-3))/(u + -3)?
1
Let v be 0*2*3/12. Suppose a + 3*a - 24 = v. What is the units digit of a?
6
Let c = 220 - 121. What is the tens digit of c?
9
What is the units digit of 1*4/(-12*1)*-15?
5
Let t = 8 + 9. What is the units digit of t?
7
Suppose 12 = -2*s - 18. What is the units digit of (-2 - s/3) + 11?
4
Suppose -q = -0*q. Suppose 3*r + 12 - 60 = q. What is the units digit of r?
6
Let y be -1*1*24/4. Suppose 0*s = 4*s + 64. What is the tens digit of (-7)/((-21)/y) - s?
1
Let f(b) = 5*b - 42. What is the tens digit of f(19)?
5
Let i(r) = -r